 the greatest common divisor of 21526369 and 775.
31
Calculate the highest common factor of 49639242 and 1566.
174
What is the highest common divisor of 46872 and 2425248?
1512
Calculate the greatest common divisor of 18955020 and 35.
35
Calculate the highest common factor of 119281841 and 1127.
161
What is the greatest common factor of 875435 and 162745?
605
Calculate the highest common divisor of 6716 and 20700.
92
Calculate the highest common factor of 128383 and 10715297.
551
What is the highest common factor of 10526082 and 2352?
294
What is the greatest common factor of 16726148 and 8618?
278
What is the highest common divisor of 83070 and 12930?
30
Calculate the greatest common divisor of 6487128 and 7776.
1944
Calculate the highest common divisor of 183136 and 229114.
194
Calculate the highest common divisor of 199620 and 390.
30
What is the greatest common divisor of 146 and 39535413?
73
Calculate the highest common factor of 9185 and 230291831.
1837
What is the highest common factor of 20127964 and 10?
2
Calculate the highest common divisor of 6673546 and 1256893.
1793
Calculate the greatest common divisor of 804 and 5389882.
134
Calculate the greatest common factor of 8970 and 116067315.
4485
What is the greatest common divisor of 935 and 26119643?
11
What is the greatest common factor of 4588 and 222389536?
4588
What is the greatest common divisor of 12911297 and 3129?
1043
Calculate the highest common factor of 893652 and 2172.
12
Calculate the greatest common factor of 1532 and 17300.
4
What is the highest common factor of 20830501 and 287?
41
Calculate the greatest common factor of 150043 and 66462.
1007
What is the greatest common factor of 3102 and 1645752?
282
Calculate the highest common divisor of 408489704 and 56.
56
What is the greatest common divisor of 3012957 and 459?
27
Calculate the greatest common factor of 60209824 and 1544.
1544
Calculate the highest common factor of 179449905 and 15.
15
What is the greatest common divisor of 880 and 637340?
220
Calculate the greatest common divisor of 4882458 and 1470.
294
What is the highest common factor of 7426 and 236841131?
3713
What is the highest common divisor of 7094 and 15758?
2
What is the highest common factor of 63 and 1766115?
9
What is the greatest common divisor of 3700022 and 114?
38
What is the highest common divisor of 3381 and 10652453?
49
What is the highest common factor of 1907040 and 16608?
96
Calculate the highest common divisor of 777 and 4667106.
111
Calculate the greatest common factor of 4155879 and 4.
1
Calculate the greatest common factor of 579285500 and 250.
250
Calculate the greatest common divisor of 424 and 126241654.
106
What is the highest common divisor of 239 and 32417243?
239
Calculate the greatest common divisor of 482784 and 236128.
1504
What is the highest common factor of 7713375 and 170385?
4605
Calculate the greatest common divisor of 3037779 and 327700.
3277
What is the greatest common divisor of 95435186 and 44?
22
What is the highest common divisor of 775389 and 339?
3
What is the highest common factor of 4152052 and 276?
92
Calculate the greatest common factor of 472 and 183104.
8
Calculate the greatest common factor of 181029418 and 2674.
382
What is the greatest common divisor of 1499587674 and 78?
78
What is the greatest common factor of 1275 and 4731423?
51
What is the greatest common divisor of 260 and 136231732?
52
Calculate the greatest common divisor of 28764 and 48811709.
799
What is the highest common divisor of 34 and 36931208?
34
Calculate the greatest common divisor of 118 and 903142087.
59
Calculate the greatest common factor of 71088 and 58488.
24
What is the greatest common divisor of 138 and 2989542?
6
What is the highest common factor of 83254714 and 12655?
2531
What is the highest common divisor of 113515 and 2410825?
365
Calculate the highest common factor of 612 and 177516.
36
What is the highest common divisor of 84 and 41065773?
21
Calculate the highest common divisor of 12002178 and 618.
618
What is the greatest common divisor of 13327550 and 2950?
50
What is the highest common factor of 58330 and 55014400?
3070
What is the greatest common factor of 885 and 71290585?
295
What is the highest common divisor of 4010 and 5719730?
10
What is the greatest common factor of 83 and 1938395031?
83
Calculate the greatest common factor of 5600727 and 10989.
3663
What is the highest common factor of 4086 and 24085835?
227
What is the greatest common factor of 2788 and 179547200?
2788
Calculate the highest common factor of 538441 and 157301.
323
Calculate the greatest common divisor of 6950 and 6604350.
50
Calculate the greatest common divisor of 59870048 and 1568.
224
What is the highest common divisor of 73696 and 16325638?
658
Calculate the highest common divisor of 165107712 and 224.
224
What is the highest common factor of 285 and 6033705?
15
Calculate the highest common factor of 328214 and 1306792.
758
Calculate the highest common factor of 84242 and 23725.
73
What is the greatest common factor of 512533 and 31889977?
8687
What is the highest common divisor of 19829 and 364664?
79
Calculate the highest common divisor of 5604720 and 15.
15
Calculate the highest common factor of 2581806 and 2795.
43
Calculate the greatest common divisor of 371308 and 4844.
28
What is the greatest common divisor of 2742 and 47791689?
1371
What is the highest common divisor of 192812465 and 35?
5
Calculate the greatest common divisor of 828 and 9774.
18
Calculate the greatest common divisor of 16218 and 247848882.
5406
What is the highest common divisor of 1 and 34368326?
1
What is the highest common factor of 26880 and 126924?
84
Calculate the greatest common divisor of 18378 and 31680.
18
What is the highest common divisor of 21626792 and 52?
4
What is the highest common divisor of 9469360 and 49079?
2887
Calculate the greatest common divisor of 891789 and 16.
1
Calculate the highest common factor of 41166777 and 5574.
2787
Calculate the greatest common factor of 7872 and 797587104.
3936
Calculate the highest common factor of 63595209 and 1731.
1731
What is the highest common divisor of 9438 and 214422?
78
Calculate the highest common factor of 226459216 and 144.
16
What is the highest common divisor of 63949074 and 70?
14
What is the greatest common divisor of 51665542 and 3478?
74
Calculate the greatest common divisor of 2519944 and 357.
119
What is the highest common factor of 750 and 3486450?
150
What is the greatest common divisor of 7898 and 34947?
11
What is the highest common divisor of 118712 and 390500?
3124
Calculate the highest common factor of 144609 and 639711.
2451
What is the greatest common factor of 58 and 174262392?
58
What is the greatest common divisor of 15514677 and 9?
9
Calculate the greatest common factor of 28143 and 1567899.
477
Calculate the greatest common divisor of 79794 and 107198.
806
What is the highest common factor of 1049332308 and 2568?
1284
Calculate the greatest common divisor of 37432 and 61720.
8
What is the highest common factor of 42639223 and 4587?
1529
Calculate the greatest common divisor of 84680 and 120205.
145
What is the greatest common divisor of 1271 and 2414907626?
1271
What is the highest common factor of 828915 and 39420?
1095
What is the greatest common factor of 15426540 and 1080?
180
Calculate the greatest common factor of 2667 and 127213233.
2667
Calculate the greatest common divisor of 40575 and 16485.
15
What is the greatest common factor of 1228115 and 1085?
35
What is the greatest common factor of 1245 and 1868496?
249
What is the highest common divisor of 107375 and 6180?
5
Calculate the greatest common divisor of 180 and 97031505.
15
Calculate the highest common divisor of 33 and 5294487.
33
What is the highest common divisor of 6432895 and 315?
35
What is the greatest common divisor of 85932566 and 158?
158
What is the highest common divisor of 24695877 and 342?
57
What is the greatest common factor of 52806 and 752147?
677
Calculate the highest common factor of 148338 and 1824946.
134
Calculate the greatest common divisor of 2566674 and 7830.
1566
What is the highest common divisor of 52084 and 1641544?
1796
What is the highest common factor of 100125 and 3444